+ 2*n - 1458. List the prime factors of t.
5, 73
Let d be 44/20 - 3/15. Let q = 3 + d. Suppose 0 = -q*t - 5*u + 195, -t = 2*u - 6*u - 19. What are the prime factors of t?
5, 7
Let i = -1 - -1. Let g be (-1)/((-1)/3) + -1. Suppose y - c - 3*c - 37 = 0, i = -y + g*c + 27. List the prime factors of y.
17
Let r be -1*(-4)/(-4)*-4. Suppose i + r = 9. List the prime factors of (26/i)/((-5)/(-25)).
2, 13
Let p(c) = c**2 + 66*c - 25. What are the prime factors of p(18)?
1487
Let l be 4/6 + (-954)/54. Let s = 81 + l. List the prime factors of s.
2
Let u(t) = -t**3 - 12*t**2 + 31*t - 3. What are the prime factors of u(-16)?
3, 5, 7
Suppose 22*p - 37770 = 268. What are the prime factors of p?
7, 13, 19
Suppose v = 5*v + 3*y - 14, 2*v = 3*y - 2. Suppose 0 = -v*n + 36 + 40. What are the prime factors of n?
2, 19
Let f = 4154 - 2260. What are the prime factors of f?
2, 947
Let x = 9 - -13. Let n = x + -17. Suppose 3*d + n = -4, 0 = 4*v + 4*d - 100. What are the prime factors of v?
2, 7
Let t(p) = 38*p - 436. List the prime factors of t(32).
2, 3, 5, 13
Suppose 0*q + 2020 = -10*q. Let r = q + 295. List the prime factors of r.
3, 31
List the prime factors of 5/1*(3798/(-10))/(-3).
3, 211
Let w(o) be the second derivative of -o**5/20 + o**4/4 + 3*o**3/2 + 7*o**2/2 - 24*o. Let m = -1 - -6. What are the prime factors of w(m)?
2
Let b = -1259 - -2341. What are the prime factors of b?
2, 541
Suppose 5*r - 4*p = 9484, -2*p - 297 = 4*r - 7905. What are the prime factors of r?
2, 5, 19
What are the prime factors of (-3889)/(32/(-20) + 51/85)?
3889
Let x be -1 + (3 - (-4)/(-2)). Suppose x = 19*z - 20*z + 4. Suppose -z*d - 4*c = -108, -3*d + 4*c = -18 - 28. What are the prime factors of d?
2, 11
Let m be 4/14 - (-57)/21. Suppose -q + 100 = m*q. List the prime factors of q.
5
Let r = 1450 - 127. What are the prime factors of r?
3, 7
Suppose 0 = 257*t - 247*t - 3840. List the prime factors of t.
2, 3
Suppose 4*w - 1675 = -323. List the prime factors of w.
2, 13
Suppose 0 = 5*t - 4*h - 30, 7*t - 2*t - h = 15. What are the prime factors of (-2 + (-226)/8)/(t/(-8))?
11
Let b = -180 + -43. Let j = -92 - b. What are the prime factors of j?
131
Let y(b) = -2*b + 2695 + 80*b**2 + 61*b**2 - 2695. List the prime factors of y(-1).
11, 13
Suppose -6*m = -328 - 176. List the prime factors of m.
2, 3, 7
Let w = -19 + -99. Let p = 24 - w. What are the prime factors of p?
2, 71
Suppose -4*l + 33 = 1. Suppose -l*b + 666 = -398. What are the prime factors of b?
7, 19
Let d(n) = n**2 - 1. Let a be d(-2). Let w = a + 9. Let u = w - 10. What are the prime factors of u?
2
What are the prime factors of 1 + -4 + 99*11/3?
2, 3, 5
Let u be (-83)/((-28)/6 + 5). Let y = u + 498. List the prime factors of y.
3, 83
Suppose 5 = 5*q - 15. Suppose 0*n - q*n - 16 = 0, 0 = 5*z - 5*n - 20. Suppose z = f - 8 - 12. List the prime factors of f.
2, 5
Let r(q) = -q - 4. Let m be r(-9). Suppose 5*v - 12 = 3*v - i, 5*i = m*v - 60. Let b = v + 24. What are the prime factors of b?
2
Let j be (-12)/54*-6 + 298/6. List the prime factors of -1 + 3 + j + 1.
2, 3
Let w be ((-4)/6)/(-2) - (-101)/3. Suppose 4*q + 0*q = 20, 0 = 3*g - q - w. List the prime factors of g.
13
Let z(u) = 8*u**2 - 23*u - 18. List the prime factors of z(12).
2, 3, 11, 13
Let k be 12/(-18)*-516 + (1 - -1). What are the prime factors of k/(-5)*20/(-8)?
173
Let r = 474 - 192. What are the prime factors of r?
2, 3, 47
Let f(z) = 0*z**2 - 17*z + 15*z + z**2 + 5. Let n = -4 - -4. List the prime factors of f(n).
5
Let b = 59 - 60. What are the prime factors of -17*(-4 - -6)/b?
2, 17
What are the prime factors of 6/(-9) + 100928/57?
2, 3, 5, 59
Suppose 8 = -h - 7. Let x be -2*(h/(-2) - -3). Let j = 46 + x. What are the prime factors of j?
5
Let a = 4 - -1. Suppose 0 = 2*d - a - 3. Suppose 4*h = -3*q + 83, d*h - 5*q = -6*q + 81. List the prime factors of h.
2, 5
Let h(w) = 4*w + 2. Let o be h(-1). Let b be o + 2 + 1 + -1. List the prime factors of -2 + 0 - (-24 + b).
2, 11
Let h(y) = 44*y - 2. Let r be h(6). Suppose 0 = -8*d + 6*d + r. List the prime factors of d.
131
Let t = -149 + 224. Let v = t - 33. Let r = 70 - v. What are the prime factors of r?
2, 7
What are the prime factors of (-9222)/(-36) + 5/(-30)?
2
Let o(c) = 4*c + 14. Let p be -1*1/(-4) - 975/(-52). What are the prime factors of o(p)?
2, 3, 5
Let s(y) = -3*y**3 - 3*y**2 - 9*y - 5. Let p be s(-3). Suppose 0 = -z + p + 19. List the prime factors of z.
5, 19
Suppose 2*a + 24 = -12. Let f = -15 - a. List the prime factors of f.
3
Let u be 2255/4 - (0 - (-5)/(-20)). Let p = u - 263. List the prime factors of p.
7, 43
Suppose -4*h + k - 16 = 0, -3*h + h - 2 = k. Let m be ((-40)/14)/(h/21). Suppose c = -3, c = -2*f + 5*c + m. What are the prime factors of f?
2
Suppose 5*a + 231 = 4*i, a = -a + 10. Suppose -l = 4*m - 2*l - 114, 2*m + 3*l = i. List the prime factors of m.
29
Let u = 5109 - 2446. List the prime factors of u.
2663
Let s = 327 + -21. Suppose -21*d = -20*d - s. What are the prime factors of d?
2, 3, 17
Let t(c) = -c - 4. Let s be t(2). What are the prime factors of (4 - (-27)/s)*-110?
5, 11
Let i(m) = m**3 + m. Suppose 4*n + 19 = k, 22 = -8*n + 3*n + 3*k. Let f be 40/n*(-1)/4. What are the prime factors of i(f)?
2, 5
Suppose 5*o = -r + 22, -5*o + 2*r + 34 = -r. Suppose 0 = 3*p, 3*x + 2*x = 2*p + 275. Suppose o*u + x = 10*u. List the prime factors of u.
11
Suppose -5*k = -z - 2*z - 250, 0 = -3*k + 5*z + 134. Let o = k + 46. List the prime factors of o.
3, 11
Suppose 5*j - 139 - 80 = 4*g, j + 252 = -5*g. Let l(c) = -21*c**3 + c**2 + 3*c + 2. Let p be l(-1). Let u = p - g. List the prime factors of u.
2, 3
Let o(u) = -u**2 - 6*u + 4. Let i(l) = -2*l**2 - 7*l + 5. Let a(y) = -2*i(y) + 3*o(y). List the prime factors of a(-5).
47
Let z = 56 + -86. What are the prime factors of (24/z)/((-2)/110)?
2, 11
Let y(a) = 75*a - 21. What are the prime factors of y(5)?
2, 3, 59
Let c = -38 + 38. Suppose c = -4*b + 224 + 56. List the prime factors of b.
2, 5, 7
Let j = 76 - 154. Let g = -54 - j. List the prime factors of g.
2, 3
Let c be (-1)/(-4) - -3*497/84. Let k be (-22)/4 + (-1)/2. Let r = c + k. What are the prime factors of r?
2, 3
Let u be (-5 + 7)/(4/6). Suppose 36 = 4*j + 4*f, -2*j = j - u*f - 3. Suppose v + 0*k = k + 22, k = j*v - 106. List the prime factors of v.
3, 7
List the prime factors of (160/7)/(46/161).
2, 5
Suppose -4*v - 279 = -1595. List the prime factors of v.
7, 47
Let u(x) = -3*x**3 - 3*x**2 + 3*x - 24. Let w be u(6). Let d = -498 - w. List the prime factors of d.
2, 3, 11
Let h = 2832 + -1281. What are the prime factors of h?
3, 11, 47
Suppose 5*i + 384 = 2*v - v, 5*i = -v + 344. Suppose -6*d + v = -2*d. What are the prime factors of d?
7, 13
Suppose -500 = -10*p + 4270. Suppose 2*o = -2*r + 206, 5*o + r - 38 - p = 0. What are the prime factors of o?
103
Let i = 2351 - 1456. What are the prime factors of i?
5, 179
Let k = -678 + 2661. What are the prime factors of k?
3, 661
Let m(h) = 29*h**3 - h**2 + 3*h - 2. Suppose -2*r + 13 = -7. Suppose -s + 3*o + r = -6, 17 = -3*s - 4*o. List the prime factors of m(s).
29
Let v(z) = -5*z**2 + 7*z + 50. Let t(r) = -4*r**2 + 6*r + 50. Let l(s) = 6*t(s) - 5*v(s). Suppose 6*u = 3*u. What are the prime factors of l(u)?
2, 5
Let w = 663 - -2412. List the prime factors of w.
3, 5, 41
Let w(g) = 3*g**2 - 4*g + 4. Let k(y) = -y**2 + 15*y - 18. Let n be k(14). List the prime factors of w(n).
2, 17
Let b be 18850/40 + 6/8. Suppose 3*v + 444 = 4*l, -3*v = 4*l + v - b. List the prime factors of l.
2, 3, 19
Suppose 2*o = 3*k + 69 + 119, o + 309 = -5*k. Let h = 89 + k. Suppose -30*p = -h*p - 105. List the prime factors of p.
5, 7
Suppose -4*a = -4*h - 2*a + 12, 5*a = -2*h + 30. Suppose h*r - 800 = -3*p, 3*r + 39 = -p + 515. List the prime factors of r.
157
Let g be (26 - (0 - -1)) + 2. Let k = 29 - g. Suppose 2*o + k*i + i = 118, 170 = 3*o + i. List the prime factors of o.
2, 7
Let i be 57/12 + 4/16. Suppose -i*u + 204 = 2*h - 37, -3*u - h = -145. What are the prime factors of u?
7
Suppose 0 = 2*j - 10 + 2. Suppose -6 = -j*t + t. Suppose 58 = 3*i - t*q, -5*i + 4*q + 56 = -38. List the prime factors of i.
2, 11
Suppose -3*h + 8 = 5*n, -2*n - 1 = -3*h - 0*h. Let o be (n - -11)/(6/16). Let w = -19 + o. What are the prime factors of w?
13
Let m(l) = -